 10?
12234120
In base 12, what is 0 - 6926?
-6926
In base 10, what is 11976 - 18?
11958
In base 9, what is 1014 + 177?
1202
In base 7, what is 126 + 163601?
164030
In base 12, what is 5 + 2278a?
22793
In base 8, what is -15 + 31230?
31213
In base 13, what is 1 - 177a1?
-177a0
In base 8, what is -103 + 1102?
777
In base 12, what is 10a47b + -5?
10a476
In base 13, what is -8c619 - 5?
-8c621
In base 9, what is 13 - -308808?
308822
In base 14, what is -7 - -3d3?
3ca
In base 5, what is 1 - 103023?
-103022
In base 14, what is -15268 - -1?
-15267
In base 9, what is -12 - 172551?
-172563
In base 8, what is -53 - -165?
112
In base 12, what is -15023 - -10?
-15013
In base 11, what is -17a + 18?
-162
In base 15, what is 2 + -13d18c?
-13d18a
In base 5, what is 12 + -122020?
-122003
In base 16, what is 3 + 22c6?
22c9
In base 8, what is 4 + 20012?
20016
In base 3, what is 1 - 221020?
-221012
In base 7, what is -123561 + -31?
-123622
In base 9, what is 77876 + 5?
77882
In base 5, what is -1020220032 - -10?
-1020220022
In base 6, what is -3 + 53433?
53430
In base 4, what is 3100111 + 20?
3100131
In base 13, what is -32135 - 5?
-3213a
In base 5, what is 1041 - 1003?
33
In base 8, what is 5 - 144261?
-144254
In base 11, what is -3 + 10108?
10105
In base 15, what is -310 - -67b?
36b
In base 4, what is -1322 + 2001003?
1333021
In base 13, what is 6c - b544?
-b4a5
In base 11, what is 5 - -2944a?
29454
In base 11, what is -23316 - -5?
-23311
In base 2, what is -10011011100100 + -111000?
-10011100011100
In base 10, what is -1444 - -18?
-1426
In base 5, what is -10 - -20422?
20412
In base 4, what is -22 - -12313?
12231
In base 4, what is 0 - 1122303230?
-1122303230
In base 2, what is 0 - -111010011101111011110?
111010011101111011110
In base 5, what is 23 - 1312?
-1234
In base 15, what is 253 + -1a1?
a2
In base 13, what is 169155 - 4?
169151
In base 6, what is 0 + 153220?
153220
In base 7, what is 0 + -22653?
-22653
In base 16, what is -95927 - -5?
-95922
In base 5, what is 1143420 - -1120?
1200040
In base 9, what is 142 + 2204?
2346
In base 16, what is -83 + -1b2?
-235
In base 15, what is 9c - -572?
61e
In base 7, what is -4316265 - 3?
-4316301
In base 15, what is -18d8b + -4?
-18d90
In base 5, what is 234 + -1001?
-212
In base 14, what is 5 + -95227?
-95222
In base 13, what is 28 + a8bb?
a916
In base 2, what is 110111100000 + -110110100?
110000101100
In base 7, what is 362162 + 11?
362203
In base 8, what is 305 + -2742?
-2435
In base 9, what is 570758 - -1?
570760
In base 7, what is 164654 + 20?
165004
In base 7, what is 51133500 - -2?
51133502
In base 8, what is 147251 - 2?
147247
In base 10, what is 650 - -1?
651
In base 4, what is -122 - -3202121?
3201333
In base 5, what is 21023234 + 0?
21023234
In base 6, what is -2111 + -23410?
-25521
In base 14, what is dc78 - 4?
dc74
In base 12, what is -71193 + -3?
-71196
In base 14, what is -8 - -2c23?
2c19
In base 16, what is -4 + -7cc29?
-7cc2d
In base 7, what is -24 - 1031645?
-1032002
In base 9, what is 23778 - -386?
24275
In base 15, what is -9b44 - 2?
-9b46
In base 13, what is 1 + 31633?
31634
In base 7, what is 10 + -12343?
-12333
In base 3, what is -22 - 2200210?
-2201002
In base 8, what is 1 - -1374673?
1374674
In base 3, what is -121000 + 2?
-120221
In base 15, what is 3 - -aadd?
aae1
In base 6, what is 11 + 3203205?
3203220
In base 12, what is 21 - -139a?
13bb
In base 4, what is 202 + 2120?
2322
In base 13, what is 451 - 184?
29a
In base 15, what is 2 + 1710?
1712
In base 10, what is -1197 - 158?
-1355
In base 14, what is -7 - 2162?
-2169
In base 11, what is 99 - -322?
410
In base 5, what is -2 + -242224?
-242231
In base 4, what is 1222 + 132330?
200212
In base 6, what is -1010002 - -4?
-1005554
In base 7, what is -21324 - -4?
-21320
In base 2, what is -1011100001 - 10101?
-1011110110
In base 11, what is -40858 - -5?
-40853
In base 4, what is 120010233 + 1011?
120011310
In base 10, what is 6 - 205824?
-205818
In base 12, what is 26 - -33?
59
In base 9, what is -7 + 13181?
13173
In base 14, what is -a2a - 7b?
-aa7
In base 13, what is 5b28 + -1?
5b27
In base 15, what is -153e - -38?
-1506
In base 7, what is 4 + 202633?
202640
In base 9, what is -2503 - -122?
-2371
In base 13, what is 21527 - 0?
21527
In base 7, what is 4 + 12334?
12341
In base 10, what is -1 + -17372?
-17373
In base 3, what is -12200202 - 20?
-12200222
In base 10, what is 587 + -9?
578
In base 3, what is -1010102102001 + 11?
-1010102101220
In base 8, what is -1047151 - -4?
-1047145
In base 14, what is -4391d - 7?
-43926
In base 15, what is -e35 + -8?
-e3d
In base 11, what is -1082 - 145?
-1217
In base 9, what is -212 + 174?
-27
In base 11, what is -25a - 1499?
-1748
In base 3, what is 0 - -2022010210?
2022010210
In base 12, what is 6 + -181633?
-181629
In base 11, what is -a2 - 236?
-328
In base 8, what is 35403 + -1?
35402
In base 10, what is 2 - -37772?
37774
In base 11, what is 2 - -19005?
19007
In base 7, what is 53555 + 1253?
55141
In base 14, what is -5500a + -20?
-5502a
In base 3, what is 200202022012 + 10?
200202022022
In base 6, what is 2 + -12015?
-12013
In base 2, what is 101000 - 1100101011111?
-1100100110111
In base 11, what is -275 + -a6?
-370
In base 10, what is 6896159 - -1?
6896160
In base 12, what is 1485a7 - -4?
1485ab
In base 14, what is 19 - -2706?
2721
In base 13, what is -64993 - -6?
-6498a
In base 11, what is -185 - -149?
-37
In base 15, what is -131733 + -3?
-131736
In base 16, what is -2 - 4ba4?
-4ba6
In base 3, what is 110212221212 - 0?
110212221212
In base 11, what is -4 + 25a6?
25a2
In base 3, what is 1020102122 - -11?
1020102210
In base 5, what is 1 - -33422301?
33422302
In base 2, what is -10 + -100100011001001?
-100100011001011
In base 3, what is -120222102002 - 12?
-120222102021
In base 8, what is 3 + 4177?
4202
In base 2, what is 1110110010 - 1010001?
1101100001
In base 6, what is -24305123 - -5?
-24305114
In base 2, what is -1111100 - 1101101111101?
-1101111111001
In base 16, what is 2b5 - 13?
2a2
In base 6, what is 150252 - -4?
150300
In base 2, what is 10100101101100100 - 11?
10100101101100001
In base 9, what is 30 + -3444?
-3414
In base 3, what is 1001020201 - 211?
1001012220
In base 7, what is -1 - 111415?
-111416
In base 4, what is -1200 - -20232?
13032
In base 12, what is a5 + -3473?
-338a
In base 5, what is -42 + 210144?
210102
In base 5, what is 2 - -1132404?
1132411
In base 10, what is 1102651 + 1?
1102652
In base 8, what is -3053 - -52?
-3001
In base 5, what is -12103413 - -113?
-12103300
In base 5, what is 240324 - -3?
240332
In base 5, what is 3 + -244023010?
-244023002
In base 14, what is 22 - 1a0da?
-1a0b8
In base 4, what is 1 + 11123212?
11123213
In base 11, what is -2479 + -2?
-2480
In base 13, what is -694 + 325?
-36c
In base 3, what is 1010211110 + -110?
1010211000
In base 16, what is 37b + -a6?
2d5
In base 4, what is -1113 - 1013010?
-1020123
In base 9, what is 4038 + 2?
4041
In base 13, what is ccc + 58?
1057
In base 12, what is 2398 + 111?
24a9
In base 16, what is 325 - 120?
205
In base 3, what is 12 - 1200121222100?
-1200121222011
In base 12, what is 6 - -9873?
9879
In base 12, what is -30a13 + -69?
-30a80
In base 11, what is -7695 + -4?
-7699
In base 10, what is -18591 - -20?
-18571
In base 11, what is -1 - -16a6?
16a5
In base 9, what is -257247 + 3?
-257244
In base 3, what is -221 - -201010200?
201002202
In base 13, what is 18 + 10089?
100a4
In base 14, what is -48 - 346?
-390
In base 8, what is 1657 - 104?
1553
In base 13, what is 3025a + 3?
30260
In base 5, what is -234 - -20013?
14224
In base 4, what is -23 + -10010?
-10033
In base 3, what is 21 - -21022?
21120
In base 7, what is -2616524 - -4?
-2616520
In base 8, what is -6575 - -14?
-6561
In base 12, what is -6 + -229?
-233
In base 5, what is -3411 - 111402?
-120313
In base 5, what is 1323124424 - -2?
1323124431
In base 14, what is 413 - -bc6?
11d9
In base 16, what is -6497d - -c?
-64971
In base 16, what is -217 + 91?
-186
In base 12, what is 36 + -5b13?
-5a99
In base 13, what is -a7ab - -3?
-a7a8
In base 6, what is 5 - -13243001?
13243010
In base 5, what is 2231201 - 32?
2231114
In base 13, what is -bb03 - -22?
-bab1
In base 8, what is 536 + -236?
300
In base 12, what is -2bb + 467?
168
In base 10, what is -11 + -44335?
-44346
I